 remainder when 8305 is divided by 8266.
39
Calculate the remainder when 54665 is divided by 18195.
80
What is the remainder when 7634 is divided by 14?
4
What is the remainder when 41599 is divided by 95?
84
What is the remainder when 1467 is divided by 484?
15
What is the remainder when 3980 is divided by 49?
11
Calculate the remainder when 49722 is divided by 8184.
618
Calculate the remainder when 1980 is divided by 989.
2
Calculate the remainder when 8079 is divided by 142.
127
Calculate the remainder when 379598 is divided by 584.
582
Calculate the remainder when 9629 is divided by 6.
5
What is the remainder when 118668 is divided by 751?
10
What is the remainder when 343316 is divided by 114428?
32
Calculate the remainder when 162899 is divided by 543.
542
What is the remainder when 36376 is divided by 181?
176
Calculate the remainder when 40957 is divided by 118.
11
Calculate the remainder when 172974 is divided by 24710.
4
What is the remainder when 176755 is divided by 122?
99
Calculate the remainder when 40055 is divided by 203.
64
Calculate the remainder when 1224 is divided by 44.
36
Calculate the remainder when 119467 is divided by 45.
37
Calculate the remainder when 3311 is divided by 323.
81
What is the remainder when 31890 is divided by 135?
30
What is the remainder when 7373 is divided by 156?
41
Calculate the remainder when 195084 is divided by 1626.
1590
What is the remainder when 9157 is divided by 1829?
12
What is the remainder when 12868 is divided by 243?
232
Calculate the remainder when 669020 is divided by 736.
732
Calculate the remainder when 140682 is divided by 50.
32
Calculate the remainder when 61916 is divided by 60.
56
What is the remainder when 83856 is divided by 13?
6
Calculate the remainder when 17764 is divided by 22.
10
What is the remainder when 34816 is divided by 46?
40
Calculate the remainder when 46131 is divided by 183.
15
Calculate the remainder when 5480 is divided by 3629.
1851
What is the remainder when 7686 is divided by 23?
4
What is the remainder when 115269 is divided by 342?
15
Calculate the remainder when 17868 is divided by 1983.
21
Calculate the remainder when 321 is divided by 81.
78
Calculate the remainder when 435214 is divided by 25.
14
Calculate the remainder when 388014 is divided by 109.
83
What is the remainder when 8114 is divided by 4027?
60
Calculate the remainder when 251983 is divided by 62993.
11
What is the remainder when 79767 is divided by 33?
6
What is the remainder when 15454 is divided by 47?
38
What is the remainder when 11474 is divided by 8?
2
What is the remainder when 10487 is divided by 3494?
5
What is the remainder when 7753 is divided by 19?
1
What is the remainder when 7205 is divided by 26?
3
Calculate the remainder when 1023276 is divided by 450.
426
What is the remainder when 17008 is divided by 653?
30
Calculate the remainder when 22309 is divided by 677.
645
What is the remainder when 964457 is divided by 68889?
11
Calculate the remainder when 18045 is divided by 475.
470
Calculate the remainder when 20436 is divided by 451.
141
What is the remainder when 17903 is divided by 88?
39
Calculate the remainder when 480472 is divided by 7.
6
Calculate the remainder when 28947 is divided by 877.
6
Calculate the remainder when 1015831 is divided by 93.
85
What is the remainder when 24754 is divided by 635?
624
What is the remainder when 12200 is divided by 784?
440
Calculate the remainder when 143214 is divided by 587.
573
Calculate the remainder when 3382 is divided by 374.
16
What is the remainder when 556 is divided by 123?
64
What is the remainder when 1988 is divided by 242?
52
What is the remainder when 32608 is divided by 2708?
112
Calculate the remainder when 9684 is divided by 18.
0
Calculate the remainder when 31413 is divided by 1961.
37
Calculate the remainder when 156 is divided by 64.
28
What is the remainder when 21750 is divided by 5426?
46
Calculate the remainder when 171976 is divided by 171975.
1
Calculate the remainder when 2703 is divided by 962.
779
What is the remainder when 416102 is divided by 52?
50
What is the remainder when 38290 is divided by 177?
58
Calculate the remainder when 5174 is divided by 113.
89
What is the remainder when 2581 is divided by 855?
16
What is the remainder when 20091 is divided by 394?
391
What is the remainder when 160854 is divided by 265?
264
What is the remainder when 5493 is divided by 134?
133
Calculate the remainder when 7167 is divided by 135.
12
Calculate the remainder when 14679 is divided by 4840.
159
Calculate the remainder when 5353 is divided by 854.
229
Calculate the remainder when 258524 is divided by 24.
20
What is the remainder when 62200 is divided by 151?
139
What is the remainder when 20317 is divided by 8?
5
What is the remainder when 146690 is divided by 37?
22
Calculate the remainder when 1157 is divided by 260.
117
What is the remainder when 2426 is divided by 265?
41
Calculate the remainder when 133352 is divided by 26669.
7
Calculate the remainder when 588 is divided by 301.
287
What is the remainder when 1367758 is divided by 278?
276
What is the remainder when 87184 is divided by 6704?
32
Calculate the remainder when 5193 is divided by 2592.
9
Calculate the remainder when 88627 is divided by 29.
3
Calculate the remainder when 9538 is divided by 60.
58
Calculate the remainder when 2037 is divided by 80.
37
What is the remainder when 17564 is divided by 701?
39
What is the remainder when 840 is divided by 320?
200
Calculate the remainder when 739913 is divided by 5.
3
Calculate the remainder when 2107 is divided by 153.
118
What is the remainder when 8873 is divided by 1307?
1031
What is the remainder when 47538 is divided by 299?
296
Calculate the remainder when 3926 is divided by 158.
134
Calculate the remainder when 5197 is divided by 235.
27
What is the remainder when 3352 is divided by 261?
220
What is the remainder when 165163 is divided by 499?
493
Calculate the remainder when 163551 is divided by 6.
3
What is the remainder when 385 is divided by 288?
97
Calculate the remainder when 6787 is divided by 676.
27
What is the remainder when 690 is divided by 435?
255
What is the remainder when 73008 is divided by 18252?
0
What is the remainder when 77926 is divided by 24?
22
What is the remainder when 2585 is divided by 270?
155
Calculate the remainder when 10494 is divided by 10166.
328
Calculate the remainder when 35042 is divided by 54.
50
Calculate the remainder when 146027 is divided by 10.
7
What is the remainder when 110841 is divided by 33?
27
What is the remainder when 87883 is divided by 405?
403
What is the remainder when 1758 is divided by 878?
2
Calculate the remainder when 56694 is divided by 350.
344
Calculate the remainder when 441847 is divided by 147280.
7
Calculate the remainder when 10355 is divided by 414.
5
What is the remainder when 494337 is divided by 61791?
9
What is the remainder when 11128 is divided by 5?
3
What is the remainder when 3964 is divided by 242?
92
What is the remainder when 21608 is divided by 10785?
38
Calculate the remainder when 31051 is divided by 7.
6
What is the remainder when 666 is divided by 148?
74
Calculate the remainder when 10997 is divided by 2735.
57
Calculate the remainder when 1845 is divided by 374.
349
What is the remainder when 138276 is divided by 28?
12
Calculate the remainder when 12026 is divided by 181.
80
What is the remainder when 10465 is divided by 85?
10
What is the remainder when 9890 is divided by 256?
162
What is the remainder when 21174 is divided by 15?
9
What is the remainder when 173606 is divided by 6944?
6
Calculate the remainder when 437057 is divided by 39732.
5
Calculate the remainder when 28071 is divided by 484.
483
Calculate the remainder when 3544 is divided by 58.
6
What is the remainder when 6151 is divided by 20?
11
What is the remainder when 9517 is divided by 338?
53
What is the remainder when 44599 is divided by 8?
7
What is the remainder when 16038 is divided by 834?
192
What is the remainder when 95659 is divided by 88?
3
Calculate the remainder when 329129 is divided by 29.
8
Calculate the remainder when 1334 is divided by 84.
74
What is the remainder when 6385 is divided by 3123?
1